m**3 - 5*m**2 - 9*m. Calculate b(-4).
20
Let t(a) = -a + 5. Calculate t(3).
2
Let s(l) = l**3 - 7*l**2 - 3*l + 8. Determine s(7).
-13
Let d(g) = 7*g**3 - g**2 - 2*g + 2. Determine d(2).
50
Let r(y) = -y - 22. Give r(-8).
-14
Let l(f) = -2*f**3 - 7*f**2 + 1. Calculate l(-5).
76
Let a(x) = x**3 - 16*x**2 + 13*x + 18. Give a(15).
-12
Let z(j) = j**3 + 11*j**2 + 9*j + 4. What is z(-10)?
14
Let s(w) = 4*w + 5. Give s(-4).
-11
Let r(a) = a**2 - 7*a - 18. Determine r(-4).
26
Let n(m) = -m**3 - 2*m**2 + m - 6. What is n(-5)?
64
Let x(l) = -4*l**3 - 2*l**2 + 2*l. Calculate x(1).
-4
Let t(o) = -2*o - 45. What is t(-18)?
-9
Let v(m) = -63*m - 4. Calculate v(-2).
122
Let z(n) = 29*n + 26. What is z(-1)?
-3
Let o(a) = -9*a - 33. Give o(-5).
12
Let r(c) = -c**3 - 11*c**2 - 6. Calculate r(-11).
-6
Let w(x) = x**3 - 7*x**2 - 7*x + 15. Calculate w(7).
-34
Let t(z) = 30*z. What is t(3)?
90
Let w(i) = 2*i**3 - 5*i**2 + 8*i - 5. Give w(3).
28
Let i(v) = -v**3 + 21*v**2 - 21*v + 9. What is i(20)?
-11
Let u(k) = k**3 + 14*k**2 - 15*k - 7. Give u(-15).
-7
Let a(u) = -u**3 - 9*u**2 - 16*u - 4. What is a(-7)?
10
Let t(o) = -o**3 - 3*o**2 + 2*o - 2. What is t(-5)?
38
Let g(u) = 4*u**2 + 23*u + 34. Give g(-2).
4
Let l(h) = 2*h**2 + 9*h - 19. Give l(-7).
16
Let v(w) = w**2 - 28*w - 286. What is v(-8)?
2
Let p(h) = -h**2 + 12*h - 14. What is p(12)?
-14
Let v(l) = 3*l**2 + 67*l + 141. Determine v(-20).
1
Let o(w) = -w - 34. Calculate o(-43).
9
Let n(v) = 8*v + 8. What is n(17)?
144
Let m(d) = 4*d + 29. Determine m(-8).
-3
Let d(n) = -6*n + 2. Determine d(1).
-4
Let q(z) = -z**2 + 4*z - 2. Give q(7).
-23
Let y(d) = 2*d**3 - d**2 - 4*d - 3. Calculate y(-2).
-15
Let g(o) = 193*o - 1156. Determine g(6).
2
Let y(c) = -c**2 - 34*c + 42. Give y(-35).
7
Let p(k) = 3*k - 19. Determine p(8).
5
Let p(j) = j**2 - 64*j + 304. Calculate p(5).
9
Let o(x) = -5*x**2 - 2*x + 2. Determine o(-2).
-14
Let p(w) = 5*w - 133. Determine p(31).
22
Let n(f) = f**3 - 11*f**2 - f + 6. What is n(11)?
-5
Let q(w) = -w - 22. Calculate q(-3).
-19
Let d(g) = 5*g - 1. Calculate d(8).
39
Let v(a) = 4*a. What is v(1)?
4
Let u(s) = -3*s - 5. Give u(-4).
7
Let z(s) = -s**3 - 5*s**2 - 2*s - 8. Calculate z(-5).
2
Let l(u) = -u**2 + 2*u + 6. What is l(5)?
-9
Let f(a) = -16*a + 20. Calculate f(5).
-60
Let d(p) = p**2 - 4*p. Calculate d(-2).
12
Let o(g) = -4*g - 58. What is o(-15)?
2
Let c(z) = 9*z + 35. Give c(-3).
8
Let f(l) = 4*l + 10. Give f(-7).
-18
Let m(f) = 59*f + 182. Determine m(-3).
5
Let q(x) = 52*x - 2. Calculate q(1).
50
Let b(m) = m**3 + 19*m**2 + 60*m - 5. Give b(-15).
-5
Let h(r) = 6*r + 30. What is h(-6)?
-6
Let v(d) = -3*d**2 + 3*d - 9. Determine v(3).
-27
Let z(u) = -u**3 - 8*u**2 - 5*u + 30. Give z(-7).
16
Let u(v) = v - 6. Determine u(5).
-1
Let z(m) = 2*m**2 - 14*m + 8. Give z(5).
-12
Let u(w) = -w**3 + 5*w**2 + 5*w + 14. Determine u(6).
8
Let f(g) = 38*g + 332. Give f(-9).
-10
Let p(z) = z**3 - 2*z**2 + 4*z + 7. What is p(-3)?
-50
Let s(n) = -n**3 + 10*n**2 + 10*n + 22. Determine s(11).
11
Let b(c) = -c**2 + 6*c + 5. Determine b(7).
-2
Let u(r) = -2*r**2 + 7*r + 31. Give u(10).
-99
Let h(u) = 2*u**2 - 25*u + 2. Calculate h(13).
15
Let n(j) = -j**3 + 26*j**2 - 38*j - 246. Calculate n(24).
-6
Let x(y) = -4*y**3 + y**2. What is x(1)?
-3
Let z(n) = n**2 - 8*n + 1. Calculate z(7).
-6
Let l(d) = -3*d - 16. Calculate l(12).
-52
Let j(h) = 2*h**3 + 7*h**2 - 8*h - 19. Determine j(-4).
-3
Let t(z) = 8*z + 12. What is t(4)?
44
Let f(s) = -s**2 + 38*s - 142. Give f(34).
-6
Let r(d) = 14*d - 3. Calculate r(-2).
-31
Let c(y) = 7*y + 44. Calculate c(-7).
-5
Let r(g) = -g - 8. What is r(-12)?
4
Let a(w) = w**3 - 15*w + 7. What is a(3)?
-11
Let g(r) = -8*r**3 + 2*r**2 - 5*r + 4. Determine g(2).
-62
Let x(l) = l**2 - 3*l + 1. Calculate x(5).
11
Let l(p) = 2*p - 7. Determine l(3).
-1
Let a(z) = -z**2 + 9*z - 7. Give a(9).
-7
Let t(u) = -u**2 + 2*u + 31. Determine t(6).
7
Let y(u) = 172*u - 1. Give y(-1).
-173
Let s(w) = -7*w - 86. Determine s(-13).
5
Let y(w) = w**3 - 2*w**2 - 34*w + 7. Determine y(6).
-53
Let q(l) = 2*l**3 - l**2 - l - 2. Give q(2).
8
Let s(n) = -n**2 - 10*n + 13. Calculate s(-11).
2
Let b(c) = c**2 - 14*c - 241. What is b(24)?
-1
Let l(h) = -3*h + 63. Determine l(21).
0
Let b(c) = -10*c + 25. Determine b(3).
-5
Let n(r) = 2*r**2 - 29*r + 11. Calculate n(14).
-3
Let f(d) = 2*d**3 + 10*d**2 - 10*d - 8. Calculate f(-6).
-20
Let k(n) = 2*n**2 - 52*n - 57. Give k(27).
-3
Let v(w) = -w**3 - 11*w**2 + 7. What is v(-11)?
7
Let h(p) = p**2 + 15*p - 3. Give h(-17).
31
Let x(d) = -d**2 + 73*d - 1. Calculate x(0).
-1
Let k(x) = -x**3 + 11*x**2 + 13*x - 8. Determine k(12).
4
Let k(l) = 3*l**2. Give k(-1).
3
Let c(d) = d**3 - 7*d**2 - 8*d - 3. What is c(8)?
-3
Let n(i) = i**2 - 39*i + 139. Determine n(35).
-1
Let q(w) = 9*w + 34. Determine q(-5).
-11
Let f(b) = -b + 27. Give f(34).
-7
Let z(h) = h**2 - 8*h - 17. What is z(10)?
3
Let t(l) = 3*l + 10. Calculate t(-1).
7
Let m(y) = y - 20. Calculate m(13).
-7
Let i(l) = -l**3 - 2*l**2 + 7*l + 5. Determine i(-4).
9
Let n(o) = 3*o - 32. Determine n(9).
-5
Let y(x) = x**2 + 3. What is y(7)?
52
Let b(t) = -67*t - 10. What is b(2)?
-144
Let g(s) = -s**3 - s**2 + 3*s - 6. Give g(0).
-6
Let z(r) = -92*r**3 + 2*r**2 - 3*r + 2. Give z(1).
-91
Let z(t) = -t**2 + t + 19. Determine z(6).
-11
Let p(o) = -o**3 + 5*o**2 + o - 15. Calculate p(3).
6
Let i(y) = -24*y + 8. What is i(-1)?
32
Let j(i) = i**3 - 11*i**2 + 11*i + 9. Determine j(9).
-54
Let d(j) = -j**2 + 23*j - 20. Determine d(21).
22
Let h(n) = -n**2 + 6*n + 6. Determine h(7).
-1
Let t(y) = -y**3 - 38*y**2 + 45*y + 214. Give t(-39).
-20
Let q(k) = -46*k**3 - k**2 - k. Determine q(-1).
46
Let j(w) = -w**3 + 11*w**2 - 60*w + 500. Give j(10).
0
Let x(a) = -2*a + 23. Calculate x(21).
-19
Let o(b) = -5*b + 21. What is o(6)?
-9
Let z(q) = -9*q - 3. Give z(-2).
15
Let s(w) = 16*w**2 - w - 2. What is s(-1)?
15
Let n(j) = j**3 + 4*j**2 - 4*j - 3. Give n(-5).
-8
Let a(u) = u**2 - 7*u - 63. Give a(12).
-3
Let v(x) = -2*x**3 - 11*x**2 - 7*x - 9. Give v(-5).
1
Let a(o) = o**3 - 12*o**2 - 4*o + 3. Determine a(12).
-45
Let v(o) = o**3 - 2*o**2 - 4*o. Calculate v(3).
-3
Let w(n) = -n + 8. What is w(16)?
-8
Let s(n) = n + 5. Calculate s(-11).
-6
Let q(f) = -10*f - 92. Give q(0).
-92
Let k(a) = a**3 + 28*a**2 + 23*a + 8. Determine k(-27).
116
Let r(z) = 2*z**2 - 2*z + 3. Calculate r(3).
15
Let i(z) = -21*z - 54. Calculate i(-3).
9
Let a(z) = -6*z - 56. Calculate a(-9).
-2
Let t(i) = i - 1. Determine t(0).
-1
Let j(t) = -t**2 + t + 74. Determine j(11).
-36
Let r(g) = g**2 - 5*g + 17. Calculate r(4).
13
Let x(u) = -24*u + 210. What is x(9)?
-6
Let c(s) = -s**3 + 14*s**2 - s + 19. Determine c(14).
5
Let r(s) = s**3 - 14*s**2 - s + 6. Calculate r(14).
-8
Let x(f) = -f**3 - 16*f**2 - 12*f + 57. What is x(-15)?
12
Let t(r) = r**3 + 9*r**2 + 11*r - 15. Calculate t(-7).
6
Let m(l) = -2*l**3 - 61*l**2 + 95*l - 45. Determine m(-32).
-13
Let s(w) = w**3 + 5*w**2 - 8*w + 8. What is s(-7)?
-34
Let u(b) = -b**3 + 7*b**2 - 7*b - 2. Calculate u(6).
-8
Let v(p) = -5*p + 3. Give v(4).
-17
Let m(l) = 3*l - 29. What is m(13)?
10
Let c(v) = -v**3 - 16*v**2 + 16*v - 19. Determine c(-17).
-2
Let p(v) = -4*v**3 + 2*v**2 - v - 2. Give p(-2).
40
Let g(l) = l**3 - 5*l**2 - 19*l + 11. Calculate g(8).
51
Let l(p) = 2*p - 32. Give l(15).
-2
Let z(l) = -l**3 + 34*l**2 - 33*l + 3. Give z(33).
3
Let u(z) = -27*z - 7. Give u(-1).
20
Let o(n) = 2*n**2 + 20*n + 69. Give o(-9).
51
Let y(d) = 2*d**3 + 5*d**2 - 6*d - 10. Calculate y(-3).
-1
Let w(f) = -2*f**3 - f**2 + f - 4. Calculate w(-3).
38
Let s(b) = b**2 + 3*b + 4. Determine s(0).
4
Let m(c) = -5*c + 2. What is m(7)?
-33
Let i(w) = -11*w - 56. Calculate i(-5).
-1
Let o(i) = i**3 - 6*i**2 + i - 4. Determine o(6).
2
Let a(d) = -d**3 + 3*d**2 - d - 7. Determine a(3).
-10
Let g(k) = k**3 - 8*k**2 + 7*k + 3. What is g(7)?
3
Let z(s) = -121*s - 1073. What is z(-9)?
16
Let w(n) = n**2 + 12*n - 1. What is w(-10)?
-21
Let l(y) = -11*y**2 - y. Calculate l(2).
-46
Let z(g) = -g**3 - 14*g**2 + 33*g + 7. Calculate z(-16).
-9
Let a(o) = -3*o**3 + 3*o**2 + 4*o - 1. Calculate a(2).
-5
Let x(c) = -c**2 - 8*c + 46. Calculate x(-12).
-2
Let q(w) = -2*w**3 + 5*w**2 - 6*w + 7. What is q(2)?
-1
Let z(l) = -2*l + 16. Calculate z(8).